 12*r + 107. Let t be g(5). Let h = k + t. What is the units digit of h?
4
Let q(s) = -9 + 5*s**3 + 2*s**3 - 2*s**3 - 4*s**3 + 10*s**2 - 15*s. Let j be q(-12). What is the units digit of 2/(-9) - 1430/j?
2
Let h(o) = 18*o**2 - 3*o + 5. Let f be h(2). Suppose c + 26 = -3*p + 109, -97 = -c + 4*p. Let t = c + f. What is the hundreds digit of t?
1
Let l = 707 - -455. Let g = -18 + 23. Suppose 4*r = 4*f + r - 929, -g*f + l = -4*r. What is the units digit of f?
0
Let q(k) = -k**3 + 8*k**2 + 8*k - 5. Let u be q(7). Suppose 7*z = -30 + u. What is the tens digit of 1115/z - 2/(-4)?
1
Let y be (33/(-18) + 6/(-9))*2. Let k be (-4)/((-15)/5 - y). What is the tens digit of (k - (-3)/2) + 422/4?
0
What is the ten thousands digit of (-266)/(-76)*60604/14?
1
Let g be 1 - 121/(5 + -4). Let w = g + 199. What is the tens digit of w?
7
Let v(d) = 7*d + 107. Let f be v(-15). Suppose -f*h = -2*u + 1826, -2*h + 0*h = 5*u - 4551. What is the tens digit of u?
1
Suppose -499 = -5*c + 5*r + 451, -195 = -c + 2*r. Let q = 325 - c. What is the units digit of q?
0
Let a(c) = -2839*c + 1681. What is the thousands digit of a(-13)?
8
Suppose -u + 4*w + w + 619 = 0, 4*u = -4*w + 2476. Let j = 960 - u. What is the units digit of j?
1
Let l(s) = 15*s + 18*s + 195 - 28*s + 4*s. What is the tens digit of l(-14)?
6
Suppose 22449 = -2877*c + 2880*c. What is the units digit of c?
3
Let c(d) = 5*d + 2*d - 12 - 37*d + 8*d. Suppose -2*s + 36 = -4*n, 3*n + 25 = 4*s + 3. What is the units digit of c(n)?
8
Suppose -4*w - 5825 + 30805 = 5*k, -5*k + 24955 = -w. What is the thousands digit of k?
4
Suppose -2*w = -2*h - 20770, -17*h + 31153 = 3*w - 22*h. What is the ten thousands digit of w?
1
Suppose -5*q = -3*x + 49 - 17, -4*x + 28 = -3*q. Let d be 3/(x/48*9). Suppose -2*p - 2*p + 8 = d*w, p + 4*w = -10. What is the units digit of p?
6
What is the ten thousands digit of (-153439888)/(-3848) - (-10)/13?
3
Suppose -3*n + 3*u + 14184 = 0, 0 = -2*n - u - 3*u + 9456. Suppose 0 = 23*c - 1206 - n. What is the units digit of c?
8
Suppose -v = 24*v - 24560 - 39665. What is the hundreds digit of v?
5
Let s be (2*(-2)/1)/((-2)/8). Suppose -2*f - s = -v - 1, -4*v - 4*f + 12 = 0. Suppose -5*x - 3*a = -308, 9 = -4*a - v. What is the units digit of x?
4
Suppose 2*r - 537 = 3*t, -r - 4*r + 4*t = -1339. Suppose s - r = -2*s. Let o = s - 71. What is the units digit of o?
8
Let g(k) = 59*k**3 + k**2 - 58*k + 95. What is the tens digit of g(7)?
7
What is the hundreds digit of (2*19)/((-1392)/5019 - (-36)/126)?
5
Let x(u) = -7319*u - 449. What is the hundreds digit of x(-1)?
8
Let w(t) = -t**2 + 32*t - 46. Let y be w(25). Let b be 15/9 + 2 + (-1)/(-3). Suppose 2*r - r + b*h = y, -5*h + 630 = 5*r. What is the hundreds digit of r?
1
Let f(z) = -11*z**3 - 305*z**2 - z - 69. What is the tens digit of f(-29)?
3
Let d = -341 + -176. Let a = 910 + d. What is the hundreds digit of a?
3
Suppose -407*q + 26*q = -17177766. What is the thousands digit of q?
5
What is the hundreds digit of (43/(-86))/(6/(-11124))?
9
Let z be 2/(6*13/(-39)). Suppose -4 = j + 15. What is the units digit of 0/9 + (z - j)?
8
Suppose 2231*b + 71025 = 2234*b. What is the hundreds digit of b?
6
Let x(p) = -p**3 + 31*p**2 - p + 31. Let b be x(31). Suppose 5*k = 5*r + 3650, b = 11*k - 6*k - 4*r - 3654. What is the units digit of k?
4
Let j(l) = 9*l**2 + 39*l - 6. Suppose 5*w + 2*d = 5*d - 50, 2*d = -3*w - 30. What is the units digit of j(w)?
4
Let i = -279 + 313. What is the hundreds digit of (1 - (-6)/4)/(i/7344)?
5
Suppose 2*g + 1 = f, -2 = 3*g - 2*f - 0*f. Suppose g*r = r - 8. What is the hundreds digit of 810/r - (-6)/8?
1
Suppose -4*w = 2*p - 3970, -w - 325 = 4*p - 1307. Let b = 1201 - w. What is the tens digit of b?
0
Let i = -5938 - -15477. What is the tens digit of i?
3
Let g(s) = 3*s**2 - 231*s + 294. What is the thousands digit of g(130)?
0
Let a be (-42)/(-28)*4/3. Suppose 3*w - 18 = -3*b - 2*b, a*b - 5 = w. Suppose 4*c = -c + 3*l + 373, -b*c = -5*l - 211. What is the tens digit of c?
7
Let c(z) = 71*z + 6 + 231*z - 2 + 71*z. Let s be c(1). Suppose 5*t - s - 35 = -2*n, -5*n = 4*t - 1030. What is the units digit of n?
6
Suppose -8*h = -17*h + 783. Suppose -67 + h = 4*j. Suppose -8*s + j = -3. What is the units digit of s?
1
What is the tens digit of 60214/(-11)*(52/(-8) + 6)?
3
Suppose -l - 4*l = -525. Suppose 14*x - l = 9*x. Suppose -x*q + 27*q - 1014 = 0. What is the units digit of q?
9
Let x(z) = -z**2 + 57*z - 309. What is the hundreds digit of x(42)?
3
Let g = -333 + 111. Let k = 118 + g. Let i = 180 + k. What is the units digit of i?
6
Let x(r) be the first derivative of -23*r**2/2 - 218*r + 182. What is the tens digit of x(-13)?
8
Let j = -1 + 2. Suppose -12*f = -11 - j. What is the tens digit of f*(-2)/5*(-166 + -4)?
6
Let c = -493 - -493. Suppose c = 39*j + 9*j - 52608. What is the tens digit of j?
9
Suppose -5*y = 4*s + 179, 5*y - 85 = 3*s + 58. What is the hundreds digit of s/230 - ((-3366)/5 - -1)?
6
Suppose -77*j + 12535 = -1270901. What is the ten thousands digit of j?
1
Suppose 816*h - 662*h - 1629782 = 0. What is the thousands digit of h?
0
Let z = -518 + 531. What is the hundreds digit of 1059 + (-5 + z - 5)?
0
Let d = 83 - 105. What is the tens digit of (-4976)/d + -4*8/176?
2
Let g = -13812 - -47448. What is the units digit of g?
6
Let b = -176 + 178. Let q(v) = -4*v**2. Let s be q(-1). What is the units digit of 56/b - 1*s?
2
Suppose 0 = -2*n - n + 4*x + 22184, 4*n + 3*x = 29562. Suppose -28*k + 0*k + n = 0. What is the hundreds digit of k?
2
Suppose -5940 = -625*s + 589*s. What is the hundreds digit of s?
1
Let f(g) = 104*g + 65. Let r be f(5). Suppose -y - a = 186 - r, y - a = 391. What is the tens digit of y?
9
Suppose 2*c - 10*c - 16 = 0. Let q(z) = -60*z - 19. What is the tens digit of q(c)?
0
Let y(v) = v**3 + 7*v**2 + 9*v - 7. Let r be y(-5). Let q be (r + 1)*(2 + 4). What is the tens digit of 3536/36 - q/(-27)?
9
What is the hundreds digit of 17179/(-16 - 231/(-14))?
3
Suppose 53*d = 59*d - 270. What is the tens digit of (47 - -2)/(5/d)?
4
Let o = 15 + -9. Suppose -o*b - 395 = -b. Let l = b + 189. What is the tens digit of l?
1
Let q be 244*7/(-28) + 3 + 2. Suppose 5*b = j - 74, b + 410 = 5*j - 4*b. Let c = q + j. What is the tens digit of c?
2
What is the tens digit of 2/6 - 939761/(-246) - 2/(-4)?
2
Suppose 154 + 26 = -10*k. What is the units digit of -3*(-1713)/k*-2?
1
Let t(p) = p**2 - 8*p - 22. Let d be t(10). Let r be 1*2 - (-4 + 4 - d). Let m = r + 16. What is the tens digit of m?
1
Suppose 3*c + 4*i - 38 = 0, -c - 5*i + 6 = -2*i. Suppose 0 = c*u - 331 - 1559. What is the tens digit of u?
0
Suppose -2*v = 8, 18002 = 2*n - 15*v + 13*v. What is the units digit of n?
7
Let o be ((-15580)/(-50))/((-2)/(-10)). Suppose -b = -5, 4*t + 18*b = 20*b + o. What is the hundreds digit of t?
3
Let q(l) = l**2 - 11*l + 9. Let g be q(10). Let h be -1800 - (-12 - -11 - -10). What is the hundreds digit of (h/(-45))/(g/(-5))?
2
Let q(j) = -j**3 + 4*j**2 + 6*j - 5. Let m be q(5). Suppose 0 = -m*w + w + 20. What is the tens digit of (3 - 244/w)/(2/5)?
3
Let t(l) = -l**3 - 28*l**2 + 94*l + 73. Let f be t(-31). Suppose -4*s = -2*w + 16, 0 = -2*s - s + 5*w + 2. What is the units digit of 1128/f*(-21)/s?
4
Suppose 9*g + 58 = 7*g. Let j = g + 32. Suppose -5*s + 2*m = -266, -8*m + 10 = -j*m. What is the units digit of s?
4
Let x be ((-66)/(-30))/(9/585). Suppose -2*l = -l + 4*r - 103, 0 = -l + 4*r + x. What is the hundreds digit of l?
1
Suppose 0 = 6*y - y + 2*i - 6512, 4*i = 4. What is the tens digit of ((-1 + 62)/1)/(62/y)?
8
Let a = 1379 - 711. Let i = a - 433. What is the tens digit of i?
3
Suppose 175*i - 71*i = 2384512. What is the thousands digit of i?
2
Let l(m) = -29649*m + 413. What is the hundreds digit of l(-1)?
0
Let i = 987 - 339. Let x = 1146 - i. What is the hundreds digit of x?
4
Suppose 11*r + 118 = 30. Let j be 48/(-32)*r/3. Suppose 0 = 3*a + 6, -j*k - 3*a = k - 584. What is the hundreds digit of k?
1
Suppose -2*y - 3*m + 171 = y, 48 = y - 2*m. What is the tens digit of 1982/9 - 12/y?
2
What is the units digit of 5 + 30095 + (-8 - (4 + -9))?
7
Let y(a) = -14*a + 167. Let o be y(5). What is the hundreds digit of -13*(-64)/1 - o/97?
8
Let s(x) = x**2 + 2*x + 5. Suppose 22*h - 20*h + 4 = 0. Let i be s(h). What is 